{"id":94,"date":"2013-04-26T10:24:48","date_gmt":"2013-04-26T08:24:48","guid":{"rendered":"http:\/\/cdu-peine.de\/moedesse\/de\/?page_id=94"},"modified":"2024-01-30T18:03:10","modified_gmt":"2024-01-30T16:03:10","slug":"sozialverband","status":"publish","type":"page","link":"https:\/\/www.moedesse.de\/?page_id=94","title":{"rendered":"Sozialverband"},"content":{"rendered":"<div id=\"id2\">\n<div>\n<div>\n<p style=\"text-align: center;\"><strong>Sozialverband Deutschland e.V. (Ortsverband Blumenhagen-M\u00f6desse)<\/strong><\/p>\n<\/div>\n<\/div>\n<\/div>\n<div id=\"id3\" style=\"text-align: center;\">\n<div>\n<div>\n<p>Kompetente Sozialberatung!<\/p>\n<p>Viele Menschen haben Anspruch auf Leistungen aus den sozialen Sicherungssystemen, sto\u00dfen aber immer wieder auf folgende Fragen:<\/p>\n<p>\u2022 Welche Leistungen stehen mir zu?<\/p>\n<p>\u2022 Wie erhalte ich diese?<\/p>\n<p>&nbsp;<\/p>\n<p>Der SoVD-Landesverband Niedersachsen e.V. hilft Ihnen und ber\u00e4t zu allen Fragen des Sozialrechts. Wir informieren Sie dar\u00fcber, was Ihnen zusteht, und setzen uns f\u00fcr Ihre Rechte ein.<\/p>\n<p>Wir beraten und vertreten Sie in folgenden Bereichen:<\/p>\n<p>\u2022 Rente<\/p>\n<p>\u2022 Arbeitslosengeld II (Hartz IV)<\/p>\n<p>\u2022 Krankenversicherung<\/p>\n<p>\u2022 Pflege<\/p>\n<p>\u2022 Sozialhilfe<\/p>\n<p>\u2022 Behinderung<\/p>\n<p>\u2022 Berufskrankheit, Arbeitsunfall<\/p>\n<p>\u2022 Staatliche Entsch\u00e4digungsleistungen<\/p>\n<p>\u2022 Medizinische und berufliche Rehabilitation<\/p>\n<p>\u2022 Befreiung von Rundfunkgeb\u00fchren<\/p>\n<p>&nbsp;<\/p>\n<p>Ben\u00f6tigen Sie noch mehr Beratung?<\/p>\n<p>Die Unabh\u00e4ngige Patientenberatung (UPD)<\/p>\n<p>im SoVD ber\u00e4t Sie zu allen Fragen rund rund um Gesundheit und Krankheit.<\/p>\n<p>Neutral \u2013 qualit\u00e4tsgesichert \u2013 kostenfrei:<\/p>\n<p>Telefon 0 800\/011 77 22.<\/p>\n<p>Das Pflege-Notruftelefon hilft Angeh\u00f6rigen und Pflegebed\u00fcrftigen bei akuten Problemen:<\/p>\n<p>Telefon 0180\/2000 872 (0,06 Euro pro Anruf)<\/p>\n<p>Noch mehr Kraft!<\/p>\n<p>\u2022 Wir machen der Politik Druck<\/p>\n<p>Zusammen mit Gewerkschaften und anderen B\u00fcndnispartnern bilden wir ein starkes Netzwerk<\/p>\n<p>Noch mehr Vorteile:<\/p>\n<p>SoVD-Mitglieder bekommen viele Verg\u00fcnstigungen: Im Heidepark Soltau, in der Autostadt Wolfsburg und bei vielen weiteren Partnern.<\/p>\n<p>Wenn Sie ein neues Mitglied werben, erhalten Sie einen 10-Euro-Gutschein von Tchibo.<\/p>\n<\/div>\n<\/div>\n<\/div>\n<div style=\"text-align: center;\"><img decoding=\"async\" src=\"http:\/\/m%C3%B6desse.de\/www.Moedesse.de\/Sozialverband_Modesse_files\/droppedImage.jpg\" alt=\"\" \/><\/div>\n<div id=\"id4\" style=\"text-align: center;\">\n<div>\n<div>\n<p>Blumenhagen-M\u00f6desse<\/p>\n<p>Der SoVD-Ortsverband Blumenhagen\/M\u00f6desse besteht seit dem 1.Dezember 1951, aber bereits im Jahre 1919 waren Mitglieder aus beiden Orten dabei, als die Ortsgruppe Edemissen des damaligen Reichsbundes gegr\u00fcndet wurde. Sie alle hatten sich zur Aufgabe gemacht, soziale Rechte f\u00fcr einen Gro\u00dfteil der Bev\u00f6lkerung einzufordern; die Not der Kriegsopfer des 1. Weltkrieges zu lindern. Die Opfer des 2. Weltkrieges und ihre Familien kamen sp\u00e4ter hinzu. Gro\u00dfe gesellschaftliche Ver\u00e4nderungen und Entwicklungen haben dazu gef\u00fchrt, dass sich die Schwerpunkte der Arbeit des Sozialverbandes Deutschland e.V. verschoben haben. Heute sind es insbesondere Behinderte, Sozialrentner und Hinterbliebene, denen unsere ganze Aufmerksamkeit gilt und die bei uns immer ein offenes Ohr und entsprechende Unterst\u00fctzung finden<\/p>\n<p>In den vergangenen Jahren konnte die Mitgliederzahl des Ortsverbandes erheblich gesteigert werden. Das ist sicherlich auch ein Ausdruck der Anerkennung unserer Arbeit und Pr\u00e4senz.<\/p>\n<p>Wir sind als Sozialverband in die d\u00f6rfliche Gemeinschaft eingebunden. Wir f\u00fchren Info-Veranstaltungen zu den unterschiedlichsten\u00a0 Themen durch,<\/p>\n<\/div>\n<\/div>\n<\/div>\n<div id=\"id5\" style=\"text-align: center;\">\n<div>\n<div>\n<p>\u00a0wie z.B. den Schutz des Eigentums oder zur Bestattungsvorsorge, um nur einige zu nennen.<\/p>\n<p>Wir beteiligen uns aktiv an den Veranstaltungen vor Ort, sei es das Pokalschie\u00dfen des<\/p>\n<p>S.V. Germania Blumenhagen oder die Gedenkfeiern zum Volkstrauertag in Blumenhagen und in M\u00f6desse. Wir unterst\u00fctzen die partnerschaftlichen Beziehungen zu Blumenhagen\/Schwedt.<\/p>\n<p>Regelm\u00e4\u00dfig veranstalten wir einen Familien-Fahrrad-Ausflug, einen Grillnachmittag, eine Winterfahrt zu einem der Weihnachtsm\u00e4rkte und mittlerweile anstatt einer Weihnachtsfeier einen Neujahrsempfang, der sehr gut angenommen wurde.<\/p>\n<p>In den letzten Jahren konnten auch wieder einige Tages- bzw. Mehrtagesfahrten angeboten und durchgef\u00fchrt werden.<\/p>\n<p>Unsere Termine k\u00f6nnen eingesehen werden unter der Seite &#8222;Termine&#8220; dieser Homepage.<\/p>\n<p>Wir unterhalten seit 1987 freundschaftliche Beziehungen zur SoVD-Ortsgruppe Kressbronn\/Lindau am Bodensee, deren 50-j\u00e4hriges Bestehen wir im Oktober 2009 mitgefeiert haben.<\/p>\n<p>M\u00f6ge es uns gelingen, weiterhin eine starke Lobby f\u00fcr die Schwachen in unserer Gesellschaft zu sein.<\/p>\n<\/div>\n<\/div>\n<\/div>\n<p style=\"text-align: center;\">\n<p style=\"text-align: center;\"><strong>Kontaktadresse:<\/strong><\/p>\n<p style=\"text-align: center;\">1. Vorsitzender: Harry Dettmer, Zum Neuen Lande 10, 31234 Edemissen<\/p>\n<p style=\"text-align: center;\">Tel. 05176\/976 967\u00a0\u00a0 -harry.dettmer@t-online.de-<\/p>\n<p style=\"text-align: center;\">\n","protected":false},"excerpt":{"rendered":"<p>Sozialverband Deutschland e.V. (Ortsverband Blumenhagen-M\u00f6desse) Kompetente Sozialberatung! Viele Menschen haben Anspruch auf Leistungen aus den sozialen Sicherungssystemen, sto\u00dfen aber immer wieder auf folgende Fragen: \u2022 Welche Leistungen stehen mir zu? \u2022 Wie erhalte ich diese? &nbsp; Der SoVD-Landesverband Niedersachsen e.V. &hellip; <a href=\"https:\/\/www.moedesse.de\/?page_id=94\">Weiterlesen <span class=\"meta-nav\">&rarr;<\/span><\/a><\/p>\n","protected":false},"author":1,"featured_media":0,"parent":0,"menu_order":0,"comment_status":"closed","ping_status":"closed","template":"","meta":{"_EventAllDay":false,"_EventTimezone":"","_EventStartDate":"","_EventEndDate":"","_EventStartDateUTC":"","_EventEndDateUTC":"","_EventShowMap":false,"_EventShowMapLink":false,"_EventURL":"","_EventCost":"","_EventCostDescription":"","_EventCurrencySymbol":"","_EventCurrencyCode":"","_EventCurrencyPosition":"","_EventDateTimeSeparator":"","_EventTimeRangeSeparator":"","_EventOrganizerID":[],"_EventVenueID":[],"_OrganizerEmail":"","_OrganizerPhone":"","_OrganizerWebsite":"","_VenueAddress":"","_VenueCity":"","_VenueCountry":"","_VenueProvince":"","_VenueState":"","_VenueZip":"","_VenuePhone":"","_VenueURL":"","_VenueStateProvince":"","_VenueLat":"","_VenueLng":"","_VenueShowMap":false,"_VenueShowMapLink":false,"footnotes":""},"class_list":["post-94","page","type-page","status-publish","hentry"],"_links":{"self":[{"href":"https:\/\/www.moedesse.de\/index.php?rest_route=\/wp\/v2\/pages\/94","targetHints":{"allow":["GET"]}}],"collection":[{"href":"https:\/\/www.moedesse.de\/index.php?rest_route=\/wp\/v2\/pages"}],"about":[{"href":"https:\/\/www.moedesse.de\/index.php?rest_route=\/wp\/v2\/types\/page"}],"author":[{"embeddable":true,"href":"https:\/\/www.moedesse.de\/index.php?rest_route=\/wp\/v2\/users\/1"}],"replies":[{"embeddable":true,"href":"https:\/\/www.moedesse.de\/index.php?rest_route=%2Fwp%2Fv2%2Fcomments&post=94"}],"version-history":[{"count":9,"href":"https:\/\/www.moedesse.de\/index.php?rest_route=\/wp\/v2\/pages\/94\/revisions"}],"predecessor-version":[{"id":2046,"href":"https:\/\/www.moedesse.de\/index.php?rest_route=\/wp\/v2\/pages\/94\/revisions\/2046"}],"wp:attachment":[{"href":"https:\/\/www.moedesse.de\/index.php?rest_route=%2Fwp%2Fv2%2Fmedia&parent=94"}],"curies":[{"name":"wp","href":"https:\/\/api.w.org\/{rel}","templated":true}]}}

<div id="id2">
<div>
<div>
<p style="text-align: center;"><strong>Sozialverband Deutschland e.V. (Ortsverband Blumenhagen-Mödesse)</strong></p>
</div>
</div>
</div>
<div id="id3" style="text-align: center;">
<div>
<div>
<p>Kompetente Sozialberatung!</p>
<p>Viele Menschen haben Anspruch auf Leistungen aus den sozialen Sicherungssystemen, stoßen aber immer wieder auf folgende Fragen:</p>
<p>• Welche Leistungen stehen mir zu?</p>
<p>• Wie erhalte ich diese?</p>
<p>&nbsp;</p>
<p>Der SoVD-Landesverband Niedersachsen e.V. hilft Ihnen und berät zu allen Fragen des Sozialrechts. Wir informieren Sie darüber, was Ihnen zusteht, und setzen uns für Ihre Rechte ein.</p>
<p>Wir beraten und vertreten Sie in folgenden Bereichen:</p>
<p>• Rente</p>
<p>• Arbeitslosengeld II (Hartz IV)</p>
<p>• Krankenversicherung</p>
<p>• Pflege</p>
<p>• Sozialhilfe</p>
<p>• Behinderung</p>
<p>• Berufskrankheit, Arbeitsunfall</p>
<p>• Staatliche Entschädigungsleistungen</p>
<p>• Medizinische und berufliche Rehabilitation</p>
<p>• Befreiung von Rundfunkgebühren</p>
<p>&nbsp;</p>
<p>Benötigen Sie noch mehr Beratung?</p>
<p>Die Unabhängige Patientenberatung (UPD)</p>
<p>im SoVD berät Sie zu allen Fragen rund rund um Gesundheit und Krankheit.</p>
<p>Neutral – qualitätsgesichert – kostenfrei:</p>
<p>Telefon 0 800/011 77 22.</p>
<p>Das Pflege-Notruftelefon hilft Angehörigen und Pflegebedürftigen bei akuten Problemen:</p>
<p>Telefon 0180/2000 872 (0,06 Euro pro Anruf)</p>
<p>Noch mehr Kraft!</p>
<p>• Wir machen der Politik Druck</p>
<p>Zusammen mit Gewerkschaften und anderen Bündnispartnern bilden wir ein starkes Netzwerk</p>
<p>Noch mehr Vorteile:</p>
<p>SoVD-Mitglieder bekommen viele Vergünstigungen: Im Heidepark Soltau, in der Autostadt Wolfsburg und bei vielen weiteren Partnern.</p>
<p>Wenn Sie ein neues Mitglied werben, erhalten Sie einen 10-Euro-Gutschein von Tchibo.</p>
</div>
</div>
</div>
<div style="text-align: center;"><img decoding="async" src="http://m%C3%B6desse.de/www.Moedesse.de/Sozialverband_Modesse_files/droppedImage.jpg" alt="" /></div>
<div id="id4" style="text-align: center;">
<div>
<div>
<p>Blumenhagen-Mödesse</p>
<p>Der SoVD-Ortsverband Blumenhagen/Mödesse besteht seit dem 1.Dezember 1951, aber bereits im Jahre 1919 waren Mitglieder aus beiden Orten dabei, als die Ortsgruppe Edemissen des damaligen Reichsbundes gegründet wurde. Sie alle hatten sich zur Aufgabe gemacht, soziale Rechte für einen Großteil der Bevölkerung einzufordern; die Not der Kriegsopfer des 1. Weltkrieges zu lindern. Die Opfer des 2. Weltkrieges und ihre Familien kamen später hinzu. Große gesellschaftliche Veränderungen und Entwicklungen haben dazu geführt, dass sich die Schwerpunkte der Arbeit des Sozialverbandes Deutschland e.V. verschoben haben. Heute sind es insbesondere Behinderte, Sozialrentner und Hinterbliebene, denen unsere ganze Aufmerksamkeit gilt und die bei uns immer ein offenes Ohr und entsprechende Unterstützung finden</p>
<p>In den vergangenen Jahren konnte die Mitgliederzahl des Ortsverbandes erheblich gesteigert werden. Das ist sicherlich auch ein Ausdruck der Anerkennung unserer Arbeit und Präsenz.</p>
<p>Wir sind als Sozialverband in die dörfliche Gemeinschaft eingebunden. Wir führen Info-Veranstaltungen zu den unterschiedlichsten  Themen durch,</p>
</div>
</div>
</div>
<div id="id5" style="text-align: center;">
<div>
<div>
<p> wie z.B. den Schutz des Eigentums oder zur Bestattungsvorsorge, um nur einige zu nennen.</p>
<p>Wir beteiligen uns aktiv an den Veranstaltungen vor Ort, sei es das Pokalschießen des</p>
<p>S.V. Germania Blumenhagen oder die Gedenkfeiern zum Volkstrauertag in Blumenhagen und in Mödesse. Wir unterstützen die partnerschaftlichen Beziehungen zu Blumenhagen/Schwedt.</p>
<p>Regelmäßig veranstalten wir einen Familien-Fahrrad-Ausflug, einen Grillnachmittag, eine Winterfahrt zu einem der Weihnachtsmärkte und mittlerweile anstatt einer Weihnachtsfeier einen Neujahrsempfang, der sehr gut angenommen wurde.</p>
<p>In den letzten Jahren konnten auch wieder einige Tages- bzw. Mehrtagesfahrten angeboten und durchgeführt werden.</p>
<p>Unsere Termine können eingesehen werden unter der Seite &#8222;Termine&#8220; dieser Homepage.</p>
<p>Wir unterhalten seit 1987 freundschaftliche Beziehungen zur SoVD-Ortsgruppe Kressbronn/Lindau am Bodensee, deren 50-jähriges Bestehen wir im Oktober 2009 mitgefeiert haben.</p>
<p>Möge es uns gelingen, weiterhin eine starke Lobby für die Schwachen in unserer Gesellschaft zu sein.</p>
</div>
</div>
</div>
<p style="text-align: center;">
<p style="text-align: center;"><strong>Kontaktadresse:</strong></p>
<p style="text-align: center;">1. Vorsitzender: Harry Dettmer, Zum Neuen Lande 10, 31234 Edemissen</p>
<p style="text-align: center;">Tel. 05176/976 967   -harry.dettmer@t-online.de-</p>
<p style="text-align: center;">

<p>Sozialverband Deutschland e.V. (Ortsverband Blumenhagen-Mödesse) Kompetente Sozialberatung! Viele Menschen haben Anspruch auf Leistungen aus den sozialen Sicherungssystemen, stoßen aber immer wieder auf folgende Fragen: • Welche Leistungen stehen mir zu? • Wie erhalte ich diese? &nbsp; Der SoVD-Landesverband Niedersachsen e.V. &hellip; <a href="https://www.moedesse.de/?page_id=94">Weiterlesen <span class="meta-nav">&rarr;</span></a></p>
