{"id":79,"date":"2013-04-26T09:02:28","date_gmt":"2013-04-26T07:02:28","guid":{"rendered":"http:\/\/cdu-peine.de\/moedesse\/de\/?page_id=79"},"modified":"2024-02-15T20:22:04","modified_gmt":"2024-02-15T19:22:04","slug":"vfg","status":"publish","type":"page","link":"https:\/\/www.moedesse.de\/?page_id=79","title":{"rendered":"Volksfestgemeinschaft M\u00f6desse (VFG)"},"content":{"rendered":"\n<p class=\"has-text-align-center\"><strong>Aktuelles<\/strong><\/p>\n\n\n\n<p class=\"has-text-align-center\"><strong>Kontaktadresse:<\/strong><\/p>\n\n\n\n<p class=\"has-text-align-center\">1. Vorsitzende Imke Jeske-Werner, Allerriede 9, M\u00f6desse &nbsp; &nbsp; Tel. 05176\/ 81 29<\/p>\n\n\n\n<p class=\"has-text-align-center\">Hier die Beitrittserkl\u00e4rung f\u00fcr die VFG:<\/p>\n\n\n\n<p class=\"has-text-align-center\"><a href=\"https:\/\/moedesse.de\/wp-content\/uploads\/2024\/02\/Beitrittserklaerung_SEPA-VFG_1300715Stand20.12.2017.pdf\">Beitrittserkl\u00e4rung_SEPA-VFG_1300715Stand20.12.2017<\/a><\/p>\n\n\n\n<p class=\"has-text-align-center\">Kontakt DGH betreffend:<\/p>\n\n\n\n<p class=\"has-text-align-center\">Nicole Klickermann, Hinter der Schule 5, M\u00f6desse&nbsp; Tel. 0152\/ 53 29 72 18<\/p>\n\n\n\n<p class=\"has-text-align-center\"><strong>Geschichtliches<\/strong><\/p>\n\n\n\n<p class=\"has-text-align-center\">Bereits vor dem zweiten Weltkrieg wurde in M\u00f6desse im \u201eKleinkaliber-Sportverein\u201c Schie\u00dfsport betrieben und es wurden Sch\u00fctzenfeste gefeiert. Nach dem Krieg gab es diesen Verein nicht mehr. Schusswaffen waren unter der britischen Besatzung verboten. Der Drang nach einem besseren Leben und nach unbeschwerten Feiern war bei den Menschen nach den entbehrungsreichen Jahren des Krieges und der Nachkriegszeit nat\u00fcrlich ausgepr\u00e4gt. So haben sich dann im Jahr 1947 einige tatkr\u00e4ftige Junggesellen zusammengetan und wieder ein Sch\u00fctzenfest in M\u00f6desse organisiert. Der K\u00f6nig wurde mit dem sogenannten Vogelstechen \u201eausgeschossen\u201c.<\/p>\n\n\n\n<p class=\"has-text-align-center\">Ein Holzklotz, in dem vorn ein Nagel und hinten eine Feder befestigt waren, wurde an einem Bindfaden h\u00e4ngend, auf die Scheibe geworfen. Am 25. August 1956 hat sich mit der \u201eJunggesellschaft M\u00f6desse\u201c dann ein Verein gegr\u00fcndet, der \u00fcber die Jahre mit einigen Ausnahmen das Sch\u00fctzenfest organisiert hat. Mit der Zeit wurde die Finanzierung jedoch schwieriger. In dieser Situation\u00a0 kam man auf die Idee zur Gr\u00fcndung eines Vereins mit regelm\u00e4\u00dfigen Beitr\u00e4gen zur Aufrechterhaltung und Finanzierung eines traditionellen Volksfestes in M\u00f6desse. So kam es am Gr\u00fcndungstag, dem 24.08.1968 zur Geburtsstunde der \u201eVolksfestgemeinschaft M\u00f6desse\u201c.<\/p>\n\n\n<div class=\"wp-block-image\">\n<figure class=\"aligncenter size-full is-resized\"><a href=\"https:\/\/moedesse.de\/wp-content\/uploads\/2013\/04\/droppedImage4.jpg\"><img loading=\"lazy\" decoding=\"async\" width=\"336\" height=\"228\" src=\"https:\/\/moedesse.de\/wp-content\/uploads\/2013\/04\/droppedImage4.jpg\" alt=\"\" class=\"wp-image-80\" style=\"width:651px;height:auto\" srcset=\"https:\/\/moedesse.de\/wp-content\/uploads\/2013\/04\/droppedImage4.jpg 336w, https:\/\/moedesse.de\/wp-content\/uploads\/2013\/04\/droppedImage4-300x203.jpg 300w\" sizes=\"auto, (max-width: 336px) 100vw, 336px\" \/><\/a><\/figure><\/div>\n\n\n<p class=\"has-text-align-center\"><strong>R\u00fcckblick<\/strong><\/p>\n\n\n\n<p class=\"has-text-align-center\">Heute ist die Volksfestgemeinschaft der gr\u00f6\u00dfte Verein&nbsp; der Ortschaft, der aus der Junggesellschaft entstanden ist. Als einzige Abteilung besteht die Schie\u00dfabteilung; die Schie\u00dfdamen unternehmen ebenfalls eigene Aktivit\u00e4ten. Die Volksfestgemeinschaft richtet das j\u00e4hrliche Volksfest am zweiten Wochenende im August zusammen mit der Junggesellschaft aus. Seit 1989 wird am darauf folgenden Montag als Katerfr\u00fchst\u00fcck ein Matjesessen serviert. Zum 25j\u00e4hrigen Jubil\u00e4um der Volksfestgemeinschaft wurde ein Jubil\u00e4umsk\u00f6nig der Herren ausgeschossen. Die Proklamation fand w\u00e4hrend des Volksfest statt. Peter Wiese gab den besten Schuss ab und wurde Jubil\u00e4umsk\u00f6nig. Er erhielt die Jubil\u00e4umsscheibe mit Ortswappen:<\/p>\n\n\n<div class=\"wp-block-image\">\n<figure class=\"aligncenter size-full\"><a href=\"https:\/\/moedesse.de\/wp-content\/uploads\/2018\/09\/1993-JubiScheibe-Herrenk\u00f6nig.jpeg\"><img loading=\"lazy\" decoding=\"async\" width=\"361\" height=\"353\" src=\"https:\/\/moedesse.de\/wp-content\/uploads\/2018\/09\/1993-JubiScheibe-Herrenk\u00f6nig.jpeg\" alt=\"\" class=\"wp-image-1355\" srcset=\"https:\/\/moedesse.de\/wp-content\/uploads\/2018\/09\/1993-JubiScheibe-Herrenk\u00f6nig.jpeg 361w, https:\/\/moedesse.de\/wp-content\/uploads\/2018\/09\/1993-JubiScheibe-Herrenk\u00f6nig-300x293.jpeg 300w, https:\/\/moedesse.de\/wp-content\/uploads\/2018\/09\/1993-JubiScheibe-Herrenk\u00f6nig-307x300.jpeg 307w\" sizes=\"auto, (max-width: 361px) 100vw, 361px\" \/><\/a><\/figure><\/div>\n\n\n<p class=\"has-text-align-center\">Ein weiteres kleines Jubil\u00e4um fand 2004 statt. In diesem Jahr feierten die Schie\u00dfdamen ihr 25j\u00e4hriges Bestehen.<\/p>\n\n\n\n<p class=\"has-text-align-center\">Es wurde ebenfalls um eine Jubil\u00e4umsscheibe geschossen. Jubil\u00e4umsk\u00f6nigin der Damen wurde Sabine Schulz und erhielt diese Scheibe:<\/p>\n\n\n<div class=\"wp-block-image\">\n<figure class=\"aligncenter size-full is-resized\"><a href=\"https:\/\/moedesse.de\/wp-content\/uploads\/2018\/09\/2004-Jubil\u00e4umsk\u00f6nigin-Sabine-Schulz-.jpg\"><img loading=\"lazy\" decoding=\"async\" width=\"333\" height=\"339\" src=\"https:\/\/moedesse.de\/wp-content\/uploads\/2018\/09\/2004-Jubil\u00e4umsk\u00f6nigin-Sabine-Schulz-.jpg\" alt=\"\" class=\"wp-image-1356\" style=\"width:267px;height:auto\" srcset=\"https:\/\/moedesse.de\/wp-content\/uploads\/2018\/09\/2004-Jubil\u00e4umsk\u00f6nigin-Sabine-Schulz-.jpg 333w, https:\/\/moedesse.de\/wp-content\/uploads\/2018\/09\/2004-Jubil\u00e4umsk\u00f6nigin-Sabine-Schulz--295x300.jpg 295w\" sizes=\"auto, (max-width: 333px) 100vw, 333px\" \/><\/a><\/figure><\/div>\n\n\n<p class=\"has-text-align-center\">Seit 1998 betreibt und betreut die VFG das Dorfgemeinschaftshaus. Mit Unterst\u00fctzung der Junggesellschaft wird das Kinderfasching ausgerichtet.&nbsp;<\/p>\n\n\n\n<p class=\"has-text-align-center\">Alle zwei Jahre findet eine B\u00fcrgerversammlung statt. In diesem Rahmen werden neu hinzugezogene Mitb\u00fcrger vorgestellt und in der Ortschaft willkommen gehei\u00dfen, sofern sie dies w\u00fcnschen. Es wird \u00fcber das aktuelle Dorfgeschehen berichtet. Anschlie\u00dfend wird ein buntes Programm, von den M\u00f6dessern selbst gestaltet, dargeboten.<\/p>\n\n\n\n<p class=\"has-text-align-center\">Im Jahr 2018 \u00fcbernimmt seit l\u00e4ngerer Auszeit die VFG wieder das Ausrichten des Osterfeuers.<\/p>\n\n\n\n<p class=\"has-text-align-center\"><strong>Gelungener Jubil\u00e4umsabend zum 50. Bestehen der VFG M\u00f6desse<\/strong><\/p>\n\n\n\n<p class=\"has-text-align-center\"><strong>Der ehemalige Hausschlachter J\u00fcrgen Hansen kam in traditioneller Schlachterkleidung<\/strong><\/p>\n\n\n<div class=\"wp-block-image\">\n<figure class=\"aligncenter size-large is-resized\"><a href=\"https:\/\/moedesse.de\/wp-content\/uploads\/2018\/09\/J\u00fcrgenHansen.jpg\"><img loading=\"lazy\" decoding=\"async\" width=\"1024\" height=\"640\" src=\"https:\/\/moedesse.de\/wp-content\/uploads\/2018\/09\/J\u00fcrgenHansen-1024x640.jpg\" alt=\"\" class=\"wp-image-1299\" style=\"width:498px;height:auto\" srcset=\"https:\/\/moedesse.de\/wp-content\/uploads\/2018\/09\/J\u00fcrgenHansen.jpg 1024w, https:\/\/moedesse.de\/wp-content\/uploads\/2018\/09\/J\u00fcrgenHansen-300x188.jpg 300w, https:\/\/moedesse.de\/wp-content\/uploads\/2018\/09\/J\u00fcrgenHansen-768x480.jpg 768w, https:\/\/moedesse.de\/wp-content\/uploads\/2018\/09\/J\u00fcrgenHansen-480x300.jpg 480w\" sizes=\"auto, (max-width: 1024px) 100vw, 1024px\" \/><\/a><\/figure><\/div>\n\n\n<p class=\"has-text-align-center\">In einem festlich dekorierten DGH und bei guter Stimmung konnte die Vorsitzende Imke Jeske-Werner rund 90 Personen begr\u00fc\u00dfen. Besonders hervorzuheben ist, dass fast alle Gr\u00fcndungsmitglieder zur Veranstaltung gekommen waren und ihre Ehrung pers\u00f6nlich entgegen nehmen konnten.<\/p>\n\n\n\n<p class=\"has-text-align-center\">Vorab f\u00fchrte die Vorsitzende aus, welche Ereignisse das Jahr 1968 besonders gepr\u00e4gt hatten. Danach ging sie auf die mutigen Junggesellen und M\u00f6desser ein, die sich im August 1968 zusammen fanden, um die Volksfestgemeinschaft zu gr\u00fcnden. Sinn war eine finanzielle Absicherung, damit das j\u00e4hrliche Sch\u00fctzenfest stattfinden konnte. Dieser Zusammenschluss war zum damaligen Zeitpunkt auch mit einigen Risiken behaftet. Bis heute besteht die Gemeinschaft und kann mittlerweile eine Mitgliederzahl von 216 aufweisen. Das 50-j\u00e4hrige Bestehen der VFG wurde zum Anlass genommen den Gr\u00fcndungsmitgliedern Danke zu sagen und sie zu w\u00fcrdigen.<\/p>\n\n\n\n<p class=\"has-text-align-center\">Gr\u00fcndungsmitglied Wilfried Sch\u00f6nfeld, damals erst 18 Jahre alt, wurde als erster Kassierer gew\u00e4hlt. Er berichtete aus Sicht der Junggesellen die damalige Situation und gab ein paar Anekdoten beim Kassieren des Beitrages zum Besten. Highlight des Abends war der Auftritt von J\u00fcrgen Hansen, der ehemalige Hausschlachter, der in M\u00f6desse so manches Schwein geschlachtet und dabei so einiges erlebt hatte. Einige dieser Geschichten wurden von ihm unter viel Gel\u00e4chter wieder gegeben. Das Publikum zeigte sich begeistert \u00fcber den unterhaltsamen und interessanten Abend und belohnte die Redner mit sehr viel Beifall.<\/p>\n\n\n\n<p class=\"has-text-align-center\">Da f\u00fcr das Jubil\u00e4um extra eine <strong>Jubil\u00e4umsscheibe<\/strong> mit der Armbrust ausgeschossen wurde, konnte die Gewinnerin Birgit Schreiber durch die Schie\u00dfwarte bekannt gegeben werden. Birgit Schreiber erreichte mit 50 Punkten die h\u00f6chste Trefferzahl.<\/p>\n\n\n<div class=\"wp-block-image\">\n<figure class=\"aligncenter size-full\"><a href=\"https:\/\/moedesse.de\/wp-content\/uploads\/2018\/09\/P1050849.jpg\"><img loading=\"lazy\" decoding=\"async\" width=\"288\" height=\"266\" src=\"https:\/\/moedesse.de\/wp-content\/uploads\/2018\/09\/P1050849.jpg\" alt=\"\" class=\"wp-image-1357\"\/><\/a><\/figure><\/div>\n\n\n<p class=\"has-text-align-center\">Zum Abschluss der Veranstaltung wurde der Ortsheimatpfleger J\u00fcrgen Enders mit einem kr\u00e4ftigen Applaus belohnt, der f\u00fcr das 50. Jubil\u00e4um der VFG eine umfassende Chronik geschrieben hat. Die Chronik , die mit vielen interessanten Beitr\u00e4gen &#8211; aber auch mit Bildern aus fr\u00fcheren Tagen &#8211; f\u00fcr Furore sorgte, fand schnell Abnehmer in der geselligen Runde.<\/p>\n\n\n\n<figure class=\"wp-block-image size-full\"><a href=\"https:\/\/moedesse.de\/wp-content\/uploads\/2018\/09\/P1050854-1.jpg\"><img loading=\"lazy\" decoding=\"async\" width=\"892\" height=\"508\" src=\"https:\/\/moedesse.de\/wp-content\/uploads\/2018\/09\/P1050854-1.jpg\" alt=\"\" class=\"wp-image-1338\" srcset=\"https:\/\/moedesse.de\/wp-content\/uploads\/2018\/09\/P1050854-1.jpg 892w, https:\/\/moedesse.de\/wp-content\/uploads\/2018\/09\/P1050854-1-300x171.jpg 300w, https:\/\/moedesse.de\/wp-content\/uploads\/2018\/09\/P1050854-1-768x437.jpg 768w, https:\/\/moedesse.de\/wp-content\/uploads\/2018\/09\/P1050854-1-500x285.jpg 500w\" sizes=\"auto, (max-width: 892px) 100vw, 892px\" \/><\/a><\/figure>\n\n\n\n<p class=\"has-text-align-center\">Das Bild (Foto: soerapixx) zeigt die Jubilare mit Partnern sowie den Vorstand der VfG, von links hintere Reihe:<\/p>\n\n\n\n<p class=\"has-text-align-center\">Dirk Puschmann (Schie\u00dfwart), J\u00fcrgen Enders (Ortsheimatpfleger), Norbert Schuh (Schie\u00dfwart), Hermann Dieckmann, Heino Weisgerber, Hans-Heinrich K\u00f6hler, Hermann Werner, Erwin Mette, Friedhelm Weisgerber, Wilfried Sch\u00f6nfeld , Dennis Lauer, Sabrina M\u00f6bius, Imke Jeske-Werner .<\/p>\n\n\n\n<p class=\"has-text-align-center\">Sitzend von links: Elisabeth Dieckmann, Anne Weisgerber, Hildegard K\u00f6hler, Birgit Schreiber (Jubil\u00e4umsk\u00f6nigin), Sieghild Werner, Marita Mette, Christiane Weisgerber, Dagmar Sch\u00f6nfeld und Tom Lauer.<\/p>\n\n\n\n<p><\/p>\n","protected":false},"excerpt":{"rendered":"<p>Aktuelles Kontaktadresse: 1. Vorsitzende Imke Jeske-Werner, Allerriede 9, M\u00f6desse &nbsp; &nbsp; Tel. 05176\/ 81 29 Hier die Beitrittserkl\u00e4rung f\u00fcr die VFG: Beitrittserkl\u00e4rung_SEPA-VFG_1300715Stand20.12.2017 Kontakt DGH betreffend: Nicole Klickermann, Hinter der Schule 5, M\u00f6desse&nbsp; Tel. 0152\/ 53 29 72 18 Geschichtliches Bereits &hellip; <a href=\"https:\/\/www.moedesse.de\/?page_id=79\">Weiterlesen <span class=\"meta-nav\">&rarr;<\/span><\/a><\/p>\n","protected":false},"author":1,"featured_media":0,"parent":0,"menu_order":0,"comment_status":"closed","ping_status":"closed","template":"","meta":{"_EventAllDay":false,"_EventTimezone":"","_EventStartDate":"","_EventEndDate":"","_EventStartDateUTC":"","_EventEndDateUTC":"","_EventShowMap":false,"_EventShowMapLink":false,"_EventURL":"","_EventCost":"","_EventCostDescription":"","_EventCurrencySymbol":"","_EventCurrencyCode":"","_EventCurrencyPosition":"","_EventDateTimeSeparator":"","_EventTimeRangeSeparator":"","_EventOrganizerID":[],"_EventVenueID":[],"_OrganizerEmail":"","_OrganizerPhone":"","_OrganizerWebsite":"","_VenueAddress":"","_VenueCity":"","_VenueCountry":"","_VenueProvince":"","_VenueState":"","_VenueZip":"","_VenuePhone":"","_VenueURL":"","_VenueStateProvince":"","_VenueLat":"","_VenueLng":"","_VenueShowMap":false,"_VenueShowMapLink":false,"footnotes":""},"class_list":["post-79","page","type-page","status-publish","hentry"],"_links":{"self":[{"href":"https:\/\/www.moedesse.de\/index.php?rest_route=\/wp\/v2\/pages\/79","targetHints":{"allow":["GET"]}}],"collection":[{"href":"https:\/\/www.moedesse.de\/index.php?rest_route=\/wp\/v2\/pages"}],"about":[{"href":"https:\/\/www.moedesse.de\/index.php?rest_route=\/wp\/v2\/types\/page"}],"author":[{"embeddable":true,"href":"https:\/\/www.moedesse.de\/index.php?rest_route=\/wp\/v2\/users\/1"}],"replies":[{"embeddable":true,"href":"https:\/\/www.moedesse.de\/index.php?rest_route=%2Fwp%2Fv2%2Fcomments&post=79"}],"version-history":[{"count":33,"href":"https:\/\/www.moedesse.de\/index.php?rest_route=\/wp\/v2\/pages\/79\/revisions"}],"predecessor-version":[{"id":2175,"href":"https:\/\/www.moedesse.de\/index.php?rest_route=\/wp\/v2\/pages\/79\/revisions\/2175"}],"wp:attachment":[{"href":"https:\/\/www.moedesse.de\/index.php?rest_route=%2Fwp%2Fv2%2Fmedia&parent=79"}],"curies":[{"name":"wp","href":"https:\/\/api.w.org\/{rel}","templated":true}]}}