{"id":59,"date":"2013-04-02T16:03:58","date_gmt":"2013-04-02T14:03:58","guid":{"rendered":"http:\/\/cdu-peine.de\/moedesse\/de\/?page_id=59"},"modified":"2024-01-30T16:41:46","modified_gmt":"2024-01-30T14:41:46","slug":"impressum","status":"publish","type":"page","link":"https:\/\/www.moedesse.de\/?page_id=59","title":{"rendered":"Impressum"},"content":{"rendered":"<div id=\"id3\">\n<div>\n<div>\n<p>Impressum<\/p>\n<\/div>\n<\/div>\n<\/div>\n<div id=\"id4\">\n<p>Anschrift<\/p>\n<p>Imke Jeske-Werner<\/p>\n<p>Allerriede 9<\/p>\n<p>31234 Edemissen &#8211; M\u00f6desse<\/p>\n<p>Tel.: 05176\/81 29<\/p>\n<p><a title=\"mailto:jeske.imke@htp-tel.de\" href=\"mailto:jeske.imke@htp-tel.de\">jeske.imke@icloud.com<\/a><\/p>\n<p>Inhaltlich Verantwortliche gem\u00e4\u00df \u00a7 6 MDStV<br \/>\nImke Jeske-Werner, Nico Bock<\/p>\n<p>Richtigkeit<\/p>\n<p>Die Inhalte dieser Seiten werden mit gr\u00f6\u00dfter Sorgfalt erstellt. F\u00fcr Richtigkeit, Vollst\u00e4ndigkeit und Aktualit\u00e4t dieser Inhalte kann jedoch keine Haftung \u00fcbernommen werden. Schon die Tatsache, dass sich das Recht und Technologien weiterentwickeln f\u00fchrt dazu, dass Informationen nach einiger Zeit veraltet, unrichtig oder widerspr\u00fcchlich sein k\u00f6nnen.<\/p>\n<p>Haftungsausschluss:<\/p>\n<p>Mit Urteil vom 12. Mai 1998 hat das Landgericht Hamburg entschieden, dass man durch die Ausbringung eines Links die Inhalte der gelinkten Seite ggf. mit zu verantworten hat. Dies kann &#8211; so das LG &#8211; nur dadurch verhindert werden, dass man sich ausdr\u00fccklich von diesen Inhalten distanziert. Wir haben auf unserer Homepage Links zu anderen Seiten im Internet gelegt. F\u00fcr all diese Links gilt: Trotz sorgf\u00e4ltiger inhaltlicher Pr\u00fcfung zum Zeitpunkt der Link-Setzung \u00fcbernehmen wir keinerlei Haftung f\u00fcr die Gestaltung und die Inhalte der gelinkten Seiten. Diese Erkl\u00e4rung gilt f\u00fcr alle auf unserer Homepage ausgebrachten Links und f\u00fcr alle Inhalte der Seiten, zu denen die Banner und Links f\u00fchren.<\/p>\n<p>Keine Abmahnung ohne vorherigen Kontakt!<\/p>\n<p>Sollte irgendwelcher Inhalt oder die designtechnische Gestaltung einzelner Seiten oder Teile dieses Onlineportals fremde Rechte Dritter oder gesetzliche Bestimmungen verletzen oder anderweitig in irgendeiner Form wettbewerbsrechtliche Probleme hervorbringen, so bitten wir unter Berufung auf \u00a7 8 Abs. 4 UWG, um eine angemessene, ausreichend erl\u00e4uternde und schnelle Nachricht ohne Kostennote. Wir garantieren, dass die zu Recht beanstandeten Passagen oder Teile dieser Webseiten in angemessener Frist entfernt, bzw. den rechtlichen Vorgaben umf\u00e4nglich angepasst werden, ohne dass die Einschaltung eines Rechtsanwaltes erforderlich w\u00e4re. Die Einschaltung eines Anwaltes, zur f\u00fcr den Dienstanbieter kostenpflichtigen Abmahnung, entspricht nicht dessen wirklichen und mutma\u00dflichen Willen und w\u00fcrde damit einen Versto\u00df gegen den \u00a7 13 Abs. 5 UWG, wegen der Verfolgung sachfremder Ziele als beherrschendes Motiv der Verfahrenseinleitung, insbesondere einer Kostenerzielungsabsicht als eigentliche Triebfeder, sowie einen Versto\u00df gegen die Schadensminderungspflicht darstellen. Hinsichtlich der Inhalte in den bereitgestellten Kunden und Partneraccounts nehmen wir als Dienstanbieter die Haftungsprivilegien nach \u00a7 5 Nr. 3 TDG bzw. nach \u00a7 11 TDG in Anspruch.<\/p>\n<\/div>\n","protected":false},"excerpt":{"rendered":"<p>Impressum Anschrift Imke Jeske-Werner Allerriede 9 31234 Edemissen &#8211; M\u00f6desse Tel.: 05176\/81 29 jeske.imke@icloud.com Inhaltlich Verantwortliche gem\u00e4\u00df \u00a7 6 MDStV Imke Jeske-Werner, Nico Bock Richtigkeit Die Inhalte dieser Seiten werden mit gr\u00f6\u00dfter Sorgfalt erstellt. F\u00fcr Richtigkeit, Vollst\u00e4ndigkeit und Aktualit\u00e4t dieser &hellip; <a href=\"https:\/\/www.moedesse.de\/?page_id=59\">Weiterlesen <span class=\"meta-nav\">&rarr;<\/span><\/a><\/p>\n","protected":false},"author":1,"featured_media":0,"parent":0,"menu_order":0,"comment_status":"closed","ping_status":"closed","template":"","meta":{"_EventAllDay":false,"_EventTimezone":"","_EventStartDate":"","_EventEndDate":"","_EventStartDateUTC":"","_EventEndDateUTC":"","_EventShowMap":false,"_EventShowMapLink":false,"_EventURL":"","_EventCost":"","_EventCostDescription":"","_EventCurrencySymbol":"","_EventCurrencyCode":"","_EventCurrencyPosition":"","_EventDateTimeSeparator":"","_EventTimeRangeSeparator":"","_EventOrganizerID":[],"_EventVenueID":[],"_OrganizerEmail":"","_OrganizerPhone":"","_OrganizerWebsite":"","_VenueAddress":"","_VenueCity":"","_VenueCountry":"","_VenueProvince":"","_VenueState":"","_VenueZip":"","_VenuePhone":"","_VenueURL":"","_VenueStateProvince":"","_VenueLat":"","_VenueLng":"","_VenueShowMap":false,"_VenueShowMapLink":false,"footnotes":""},"class_list":["post-59","page","type-page","status-publish","hentry"],"_links":{"self":[{"href":"https:\/\/www.moedesse.de\/index.php?rest_route=\/wp\/v2\/pages\/59","targetHints":{"allow":["GET"]}}],"collection":[{"href":"https:\/\/www.moedesse.de\/index.php?rest_route=\/wp\/v2\/pages"}],"about":[{"href":"https:\/\/www.moedesse.de\/index.php?rest_route=\/wp\/v2\/types\/page"}],"author":[{"embeddable":true,"href":"https:\/\/www.moedesse.de\/index.php?rest_route=\/wp\/v2\/users\/1"}],"replies":[{"embeddable":true,"href":"https:\/\/www.moedesse.de\/index.php?rest_route=%2Fwp%2Fv2%2Fcomments&post=59"}],"version-history":[{"count":12,"href":"https:\/\/www.moedesse.de\/index.php?rest_route=\/wp\/v2\/pages\/59\/revisions"}],"predecessor-version":[{"id":2017,"href":"https:\/\/www.moedesse.de\/index.php?rest_route=\/wp\/v2\/pages\/59\/revisions\/2017"}],"wp:attachment":[{"href":"https:\/\/www.moedesse.de\/index.php?rest_route=%2Fwp%2Fv2%2Fmedia&parent=59"}],"curies":[{"name":"wp","href":"https:\/\/api.w.org\/{rel}","templated":true}]}}