{"id":263,"date":"2013-08-28T12:30:57","date_gmt":"2013-08-28T10:30:57","guid":{"rendered":"http:\/\/m\u00f6desse.de\/?page_id=263"},"modified":"2024-04-03T14:51:51","modified_gmt":"2024-04-03T12:51:51","slug":"allgemeines","status":"publish","type":"page","link":"https:\/\/www.moedesse.de\/?page_id=263","title":{"rendered":"Schie\u00dftermine"},"content":{"rendered":"\n<p class=\"has-text-align-center\"><strong>Aktuelles<\/strong><\/p>\n\n\n\n<p class=\"has-text-align-center\"><br>Am 10.4 findet der n\u00e4chste Schiessabend von 19-21 Uhr statt &#x1f60a;<br>Wie immer seid ihr alle herzlich eingeladen &#x1f60a;<br>Diesmal wird gegrillt, also kommt alle mit ordentlich Hunger &#x1f973;<br>Nat\u00fcrlich sind auch wieder die Nicht- Sch\u00fctzen zum quatschen und einen sch\u00f6nen Abend verbringen herzlich eingeladen &#x1f338;<\/p>\n\n\n\n<p class=\"has-text-align-center\">Ich freue mich sehr auf euch &#x2764;&#xfe0f; Eure Jenny &#x1f338;<\/p>\n\n\n\n<p><br><\/p>\n\n\n\n<p class=\"has-text-align-center\"><strong>Damen- und Herren-Schie\u00dfen<\/strong><\/p>\n\n\n\n<p class=\"has-text-align-center\">Jeden 2. Mittwoch im Monat ab 19.00 Uhr<\/p>\n\n\n\n<p class=\"has-text-align-center\">Kosten f\u00fcr jeden geschossenen Satz 4,00 Euro<\/p>\n\n\n\n<p class=\"has-text-align-center\">\u2022\u2022\u2022\u2022\u2022\u2022\u2022\u2022\u2022\u2022\u2022\u2022\u2022\u2022\u2022\u2022\u2022<\/p>\n\n\n\n<p class=\"has-text-align-center\">Jugendschie\u00dfen ab 12 Jahre<\/p>\n\n\n\n<p class=\"has-text-align-center\">auf Anfrage<\/p>\n\n\n\n<p class=\"has-text-align-center\">kostenfrei<\/p>\n\n\n\n<p class=\"has-text-align-center\">Alle Veranstaltungen finden im Dorfgemeinschaftshaus am Teichweg 9 statt<\/p>\n\n\n\n<p class=\"has-text-align-center\">Es treffen sich nette Damen und Herren um den Schie\u00dfsport auszu\u00fcben und sich auszutauschen.<\/p>\n\n\n\n<p class=\"has-text-align-center\">Das Schie\u00dfen wird zum einen sitzend aufgelegt und zum anderem stehen aufgelegt durchgef\u00fchrt.<\/p>\n\n\n\n<p class=\"has-text-align-center\"><strong>Kontakt:<\/strong><\/p>\n\n\n\n<p class=\"has-text-align-center\">1. Schie\u00dfwart:<\/p>\n\n\n\n<p class=\"has-text-align-center\">Jenny Sukop Mobil: 0157-55987454<\/p>\n\n\n\n<p class=\"has-text-align-center\">Das Amt des Stellvertreters ist offen.<\/p>\n","protected":false},"excerpt":{"rendered":"<p>Aktuelles Am 10.4 findet der n\u00e4chste Schiessabend von 19-21 Uhr statt &#x1f60a;Wie immer seid ihr alle herzlich eingeladen &#x1f60a;Diesmal wird gegrillt, also kommt alle mit ordentlich Hunger &#x1f973;Nat\u00fcrlich sind auch wieder die Nicht- Sch\u00fctzen zum quatschen und einen sch\u00f6nen Abend &hellip; <a href=\"https:\/\/www.moedesse.de\/?page_id=263\">Weiterlesen <span class=\"meta-nav\">&rarr;<\/span><\/a><\/p>\n","protected":false},"author":1,"featured_media":0,"parent":0,"menu_order":0,"comment_status":"closed","ping_status":"open","template":"","meta":{"_EventAllDay":false,"_EventTimezone":"","_EventStartDate":"","_EventEndDate":"","_EventStartDateUTC":"","_EventEndDateUTC":"","_EventShowMap":false,"_EventShowMapLink":false,"_EventURL":"","_EventCost":"","_EventCostDescription":"","_EventCurrencySymbol":"","_EventCurrencyCode":"","_EventCurrencyPosition":"","_EventDateTimeSeparator":"","_EventTimeRangeSeparator":"","_EventOrganizerID":[],"_EventVenueID":[],"_OrganizerEmail":"","_OrganizerPhone":"","_OrganizerWebsite":"","_VenueAddress":"","_VenueCity":"","_VenueCountry":"","_VenueProvince":"","_VenueState":"","_VenueZip":"","_VenuePhone":"","_VenueURL":"","_VenueStateProvince":"","_VenueLat":"","_VenueLng":"","_VenueShowMap":false,"_VenueShowMapLink":false,"footnotes":""},"class_list":["post-263","page","type-page","status-publish","hentry"],"_links":{"self":[{"href":"https:\/\/www.moedesse.de\/index.php?rest_route=\/wp\/v2\/pages\/263","targetHints":{"allow":["GET"]}}],"collection":[{"href":"https:\/\/www.moedesse.de\/index.php?rest_route=\/wp\/v2\/pages"}],"about":[{"href":"https:\/\/www.moedesse.de\/index.php?rest_route=\/wp\/v2\/types\/page"}],"author":[{"embeddable":true,"href":"https:\/\/www.moedesse.de\/index.php?rest_route=\/wp\/v2\/users\/1"}],"replies":[{"embeddable":true,"href":"https:\/\/www.moedesse.de\/index.php?rest_route=%2Fwp%2Fv2%2Fcomments&post=263"}],"version-history":[{"count":12,"href":"https:\/\/www.moedesse.de\/index.php?rest_route=\/wp\/v2\/pages\/263\/revisions"}],"predecessor-version":[{"id":2227,"href":"https:\/\/www.moedesse.de\/index.php?rest_route=\/wp\/v2\/pages\/263\/revisions\/2227"}],"wp:attachment":[{"href":"https:\/\/www.moedesse.de\/index.php?rest_route=%2Fwp%2Fv2%2Fmedia&parent=263"}],"curies":[{"name":"wp","href":"https:\/\/api.w.org\/{rel}","templated":true}]}}