{"id":18,"date":"2013-04-02T15:21:33","date_gmt":"2013-04-02T13:21:33","guid":{"rendered":"http:\/\/cdu-peine.de\/moedesse\/de\/?page_id=18"},"modified":"2022-03-06T09:10:33","modified_gmt":"2022-03-06T07:10:33","slug":"18-2","status":"publish","type":"page","link":"https:\/\/www.moedesse.de\/?page_id=18","title":{"rendered":"Ortsheimatpflege"},"content":{"rendered":"<div id=\"id3\">\n<p><a href=\"http:\/\/moedesse.de\/wp-content\/uploads\/2013\/04\/Frau-Heuer.png\"><img loading=\"lazy\" decoding=\"async\" src=\"http:\/\/moedesse.de\/wp-content\/uploads\/2013\/04\/Frau-Heuer.png\" alt=\"Frau Heuer\" width=\"773\" height=\"111\" \/><\/a><\/p>\n<p>Es ist davon auszugehen, dass mit der ersten Einrichtung einer Schule am 01. Oktober 1908 in\u00a0\u00a0\u00a0M\u00f6desse auch die ersten Schritte in Richtung Heimatpflege, damals wohl noch Heimatkunde, unternommen wurden. Es geh\u00f6rte zu den Aufgaben der Lehrer, Heimatforschung zu betreiben und das Wissen zu vermitteln. Der erste Lehrer war August Wegener. Entsprechende Forschungsergebnisse und Aufs\u00e4tze sind in der Schulchronik der M\u00f6desser Schule nachzulesen. Mit der Pensionierung des Lehrers Niehoff im Jahre 1961 endete dann auch die Heimatforschung auf dieser Ebene. 1966 wurde die M\u00f6desser Schule ganz geschlossen. Fortan beschr\u00e4nkte sich die Besch\u00e4ftigung mit der Heimat auf private Initiativen. Hier ist beispielsweise Fritz Kehe zu nennen, der viele alte Dokumente und Gegenst\u00e4nde aufbewahrte und \u00fcber die Jahrzehnte viele Fotos und Dias von Veranstaltungen und \u00d6rtlichkeiten in M\u00f6desse gemacht hat.<\/p>\n<\/div>\n<p><a href=\"http:\/\/moedesse.de\/wp-content\/uploads\/2013\/04\/shapeimage_4.png\"><img loading=\"lazy\" decoding=\"async\" class=\"aligncenter\" src=\"http:\/\/moedesse.de\/wp-content\/uploads\/2013\/04\/shapeimage_4.png\" alt=\"shapeimage_4\" width=\"364\" height=\"439\" \/><\/a><\/p>\n<div id=\"id3\">\n<p>Am 08. Mai 2003 wurden dann von der Gemeinde Edemissen f\u00fcr jede Ortschaft der Gemeinde ehrenamtliche Heimatpfleger bestellt. In der Ortschaft M\u00f6desse hat sich J\u00fcrgen Enders f\u00fcr dieses Ehrenamt zur Verf\u00fcgung gestellt.<\/p>\n<\/div>\n<div id=\"id4\">\n<p>&gt;\u00a0Sammlung von Materialien (Schrift, Bild und Ton sowie Gegenst\u00e4ndliches) zur Geschichte des Ortes.<\/p>\n<p>&gt;\u00a0Erforschung und Ermittlung der Ortsgeschichte in geeigneter Form (Vortr\u00e4ge, Ausstellungen, kurze schriftliche Beitr\u00e4ge, Ortsgeschichte).<\/p>\n<p>&gt;\u00a0Beratung bei der Durchf\u00fchrung von Festveranstaltungen.<\/p>\n<p>&gt;\u00a0Pflege und Erforschung der heimischen Mundart.<\/p>\n<p>&gt;\u00a0Pflege und Erforschung des \u00f6rtlichen Brauchtums.<\/p>\n<p>&gt;\u00a0Mitwirkung bei der Gestaltung des Ortsbildes.<\/p>\n<p>&gt;\u00a0Mitwirkung bei Ma\u00dfnahmen der Denkmalpflege.<\/p>\n<p>&gt;\u00a0Mitwirkung bei Ma\u00dfnahmen im Natur- und Landschaftsschutz.<\/p>\n<p>&gt;\u00a0Dar\u00fcber hinaus sollte der Ortsheimatpfleger als Ansprechpartner des Ortes in heimatkundlichen und geschichtlichen Fragen wirken.<\/p>\n<\/div>\n<div id=\"id5\">\n<p>Die Ortsheimatpfleger von M\u00f6desse und von Blumenhagen, wurden als beratende Mitglieder in den gemeinsamen Ortsrat berufen.<\/p>\n<p>Die Ortsheimatpfleger aller Edemisser Ortschaften sind dem Heimatverein Edemissen angeschlossen und k\u00f6nnen das Archiv, das vom Heimatverein gepflegt wird, nutzen. Dort werden die gesammelten Dokumente und Materialien sachgerecht und sicher gelagert und f\u00fcr zuk\u00fcnftige Generationen erhalten.<\/p>\n<p>Mitwirkung an Veranstaltungen in der Ortschaft, z.B. Fotovorf\u00fchrungen beim Adventsnachmittag der Senioren oder Schreiben einer Feuerwehrchronik zum 75-j\u00e4hrigen Jubil\u00e4um der Freiwilligen Feuerwehr M\u00f6desse.<\/p>\n<p>Druck von Kalender und Postkarten mit Motiven der Ortschaft.<\/p>\n<p>Kontakt:<\/p>\n<p>kein Kontakt m\u00f6glich, da Herr J\u00fcrgen Enders im Februar 2022 leider verstorben ist.<\/p>\n<p>Ein neuer Ortsheimatpfleger wurde bisher noch nicht bestellt.<\/p>\n<p><a href=\"http:\/\/moedesse.de\/wp-content\/uploads\/2013\/04\/droppedImage.jpg\"><img loading=\"lazy\" decoding=\"async\" class=\"size-full wp-image-15 alignright\" src=\"http:\/\/moedesse.de\/wp-content\/uploads\/2013\/04\/droppedImage.jpg\" alt=\"droppedImage\" width=\"114\" height=\"162\" \/><\/a><\/p>\n<\/div>\n","protected":false},"excerpt":{"rendered":"<p>Es ist davon auszugehen, dass mit der ersten Einrichtung einer Schule am 01. Oktober 1908 in\u00a0\u00a0\u00a0M\u00f6desse auch die ersten Schritte in Richtung Heimatpflege, damals wohl noch Heimatkunde, unternommen wurden. Es geh\u00f6rte zu den Aufgaben der Lehrer, Heimatforschung zu betreiben und &hellip; <a href=\"https:\/\/www.moedesse.de\/?page_id=18\">Weiterlesen <span class=\"meta-nav\">&rarr;<\/span><\/a><\/p>\n","protected":false},"author":1,"featured_media":0,"parent":0,"menu_order":0,"comment_status":"closed","ping_status":"closed","template":"","meta":{"_EventAllDay":false,"_EventTimezone":"","_EventStartDate":"","_EventEndDate":"","_EventStartDateUTC":"","_EventEndDateUTC":"","_EventShowMap":false,"_EventShowMapLink":false,"_EventURL":"","_EventCost":"","_EventCostDescription":"","_EventCurrencySymbol":"","_EventCurrencyCode":"","_EventCurrencyPosition":"","_EventDateTimeSeparator":"","_EventTimeRangeSeparator":"","_EventOrganizerID":[],"_EventVenueID":[],"_OrganizerEmail":"","_OrganizerPhone":"","_OrganizerWebsite":"","_VenueAddress":"","_VenueCity":"","_VenueCountry":"","_VenueProvince":"","_VenueState":"","_VenueZip":"","_VenuePhone":"","_VenueURL":"","_VenueStateProvince":"","_VenueLat":"","_VenueLng":"","_VenueShowMap":false,"_VenueShowMapLink":false,"footnotes":""},"class_list":["post-18","page","type-page","status-publish","hentry"],"_links":{"self":[{"href":"https:\/\/www.moedesse.de\/index.php?rest_route=\/wp\/v2\/pages\/18","targetHints":{"allow":["GET"]}}],"collection":[{"href":"https:\/\/www.moedesse.de\/index.php?rest_route=\/wp\/v2\/pages"}],"about":[{"href":"https:\/\/www.moedesse.de\/index.php?rest_route=\/wp\/v2\/types\/page"}],"author":[{"embeddable":true,"href":"https:\/\/www.moedesse.de\/index.php?rest_route=\/wp\/v2\/users\/1"}],"replies":[{"embeddable":true,"href":"https:\/\/www.moedesse.de\/index.php?rest_route=%2Fwp%2Fv2%2Fcomments&post=18"}],"version-history":[{"count":5,"href":"https:\/\/www.moedesse.de\/index.php?rest_route=\/wp\/v2\/pages\/18\/revisions"}],"predecessor-version":[{"id":1960,"href":"https:\/\/www.moedesse.de\/index.php?rest_route=\/wp\/v2\/pages\/18\/revisions\/1960"}],"wp:attachment":[{"href":"https:\/\/www.moedesse.de\/index.php?rest_route=%2Fwp%2Fv2%2Fmedia&parent=18"}],"curies":[{"name":"wp","href":"https:\/\/api.w.org\/{rel}","templated":true}]}}